15?
5
What is the units digit of 15681?
1
What is the hundreds digit of 2315?
3
What is the units digit of 595?
5
What is the units digit of 34922?
2
What is the thousands digit of 2835?
2
What is the tens digit of 4061?
6
What is the hundreds digit of 1553?
5
What is the tens digit of 1154?
5
What is the thousands digit of 4873?
4
What is the tens digit of 1780?
8
What is the tens digit of 1952?
5
What is the thousands digit of 93547?
3
What is the thousands digit of 7414?
7
What is the hundreds digit of 549?
5
What is the thousands digit of 3480?
3
What is the thousands digit of 1813?
1
What is the tens digit of 3035?
3
What is the ten thousands digit of 148665?
4
What is the tens digit of 24803?
0
What is the units digit of 294?
4
What is the hundreds digit of 879?
8
What is the hundreds digit of 6720?
7
What is the thousands digit of 3334?
3
What is the units digit of 3829?
9
What is the tens digit of 5504?
0
What is the thousands digit of 159308?
9
What is the tens digit of 334?
3
What is the hundreds digit of 7025?
0
What is the tens digit of 94?
9
What is the tens digit of 58948?
4
What is the thousands digit of 29503?
9
What is the thousands digit of 1045?
1
What is the units digit of 34545?
5
What is the units digit of 553?
3
What is the units digit of 323?
3
What is the units digit of 798?
8
What is the ten thousands digit of 22414?
2
What is the units digit of 851?
1
What is the thousands digit of 5660?
5
What is the thousands digit of 11593?
1
What is the units digit of 29571?
1
What is the hundreds digit of 30056?
0
What is the hundreds digit of 15531?
5
What is the units digit of 1880?
0
What is the hundreds digit of 123?
1
What is the thousands digit of 61201?
1
What is the units digit of 22998?
8
What is the units digit of 7423?
3
What is the units digit of 507?
7
What is the units digit of 8787?
7
What is the units digit of 10126?
6
What is the tens digit of 921?
2
What is the hundreds digit of 13159?
1
What is the units digit of 1233?
3
What is the ten thousands digit of 98267?
9
What is the hundreds digit of 298?
2
What is the units digit of 4959?
9
What is the hundreds digit of 9375?
3
What is the units digit of 3581?
1
What is the ten thousands digit of 33433?
3
What is the units digit of 148742?
2
What is the units digit of 11693?
3
What is the hundreds digit of 371?
3
What is the tens digit of 559?
5
What is the tens digit of 13998?
9
What is the hundreds digit of 459?
4
What is the hundreds digit of 7859?
8
What is the thousands digit of 28353?
8
What is the tens digit of 546?
4
What is the hundreds digit of 1385?
3
What is the hundreds digit of 2652?
6
What is the hundreds digit of 3327?
3
What is the thousands digit of 12283?
2
What is the ten thousands digit of 36563?
3
What is the ten thousands digit of 10499?
1
What is the hundreds digit of 403?
4
What is the tens digit of 282?
8
What is the thousands digit of 22562?
2
What is the units digit of 137?
7
What is the ten thousands digit of 25897?
2
What is the tens digit of 27969?
6
What is the units digit of 7875?
5
What is the hundreds digit of 890?
8
What is the units digit of 9125?
5
What is the hundreds digit of 512?
5
What is the hundreds digit of 2267?
2
What is the units digit of 97521?
1
What is the tens digit of 2929?
2
What is the tens digit of 117360?
6
What is the hundreds digit of 19948?
9
What is the units digit of 6010?
0
What is the thousands digit of 12404?
2
What is the hundreds digit of 2141?
1
What is the units digit of 537?
7
What is the units digit of 1772?
2
What is the tens digit of 815?
1
What is the hundreds digit of 2919?
9
What is the hundreds digit of 98267?
2
What is the units digit of 67578?
8
What is the hundreds digit of 2366?
3
What is the units digit of 11678?
8
What is the tens digit of 2900?
0
What is the thousands digit of 78122?
8
What is the hundreds digit of 4965?
9
What is the thousands digit of 2909?
2
What is the hundreds digit of 26739?
7
What is the units digit of 8981?
1
What is the tens digit of 2779?
7
What is the thousands digit of 12368?
2
What is the thousands digit of 1242?
1
What is the thousands digit of 5314?
5
What is the thousands digit of 1785?
1
What is the units digit of 2372?
2
What is the hundreds digit of 656?
6
What is the units digit of 242?
2
What is the units digit of 9451?
1
What is the thousands digit of 5912?
5
What is the tens digit of 4826?
2
What is the hundreds digit of 2701?
7
What is the thousands digit of 4009?
4
What is the hundreds digit of 21248?
2
What is the units digit of 3038?
8
What is the thousands digit of 187897?
7
What is the hundreds digit of 242?
2
What is the units digit of 1937?
7
What is the tens digit of 3554?
5
What is the ten thousands digit of 29970?
2
What is the units digit of 29359?
9
What is the tens digit of 19325?
2
What is the thousands digit of 1116?
1
What is the thousands digit of 23087?
3
What is the tens digit of 1765?
6
What is the ten thousands digit of 12858?
1
What is the tens digit of 37872?
7
What is the units digit of 1931?
1
What is the tens digit of 330?
3
What is the units digit of 15253?
3
What is the tens digit of 341?
4
What is the units digit of 4158?
8
What is the units digit of 11219?
9
What is the thousands digit of 2140?
2
What is the units digit of 12805?
5
What is the tens digit of 2197?
9
What is the thousands digit of 17109?
7
What is the ten thousands digit of 10710?
1
What is the units digit of 3320?
0
What is the tens digit of 7519?
1
What is the tens digit of 12605?
0
What is the hundreds digit of 84541?
5
What is the hundreds digit of 1341?
3
What is the ten thousands digit of 29085?
2
What is the thousands digit of 9285?
9
What is the units digit of 18997?
7
What is the thousands digit of 3173?
3
What is the tens digit of 729?
2
What is the tens digit of 10125?
2
What is the tens digit of 360?
6
What is the hundreds digit of 2354?
3
What is the units digit of 170?
0
What is the units digit of 593?
3
What is the thousands digit of 8869?
8
What is the tens digit of 722?
2
What is the units digit of 4914?
4
What is the units digit of 954?
4
What is the thousands digit of 2075?
2
What is the units digit of 1185?
5
What is the tens digit of 158900?
0
What is the thousands digit of 65689?
5
What is the units digit of 9306?
6
What is the hundreds digit of 4293?
2
What is the hundreds digit of 30623?
6
What is the tens digit of 565?
6
What is the thousands digit of 9593?
9
What is the tens digit of 1516?
1
What is the units digit of 129?
9
What is the units digit of 1336?
6
What is the thousands digit of 1634?
1
What is the thousands digit of 15864?
5
What is the units digit of 504?
4
What is the units digit of 563?
3
What is the tens digit of 8920?
2
What is the tens digit of 1480?
8
What is the tens digit of 74395?
9
What is the thousands digit of 80438?
0
What is the thousands digit of 53776?
3
What is the tens digit of 3067?
6
What is the units digit of 21246?
6
What is the hundreds digit of 361?
3
What is the hundreds digit of 627?
6
What is the units digit of 364?
4
What is the hundreds digit of 852?
8
What is the tens digit of 75079?
7
What is the hundreds digit of 14783?
7
What is the tens digit of 523?
2
What is the hundreds digit of 489?
4
What is the tens digit of 957?
5
What is the tens digit of 3959?
5
What is the hundreds digit of 58373?
3
What is the hundreds digit of 3653?
6
What is the units digit of 124301?
1
What is the thousands digit of 13514?
3
What is the units digit of 462?
2
What is the hundreds digit of 880?
8
What is the hundreds digit of 4986?
9
What is the hundreds digit of 65206?
2
What is the ten thousands digit of 24719?
2
What is the units digit of 23310?
0
What is the ten thousands digit of 13077?
1
What is the units digit of 6287?
7
What is the hundreds digit of 8207?
2
What is the hundreds digit of 1040?
0
What is the hundreds digit of 6135?
1
What is the thousands digit of 9753?
9
What is the ten thousands digit of 27873?
2
What is the hundreds digit of 5253?
2
What is the thousands digit of 1852?
1
What is the units digit of 4467?
7
What is the units digit of 1980?
0
What is the tens digit of 1238?
3
What is the tens digit of 79426?
2
What is the tens digit of 17359?
5
What is the units digit of 